0) to base 16
2e5
What is 30205 (base 8) in base 5?
344141
What is -5337 (base 11) in base 15?
-2158
Convert -20422 (base 6) to base 5.
-42000
37bc (base 13) to base 7
32055
Convert 54766 (base 9) to base 6.
440140
What is -7727 (base 11) in base 2?
-10011111010001
Convert 36220 (base 7) to base 8.
22235
Convert -2112121 (base 3) to base 7.
-5254
What is 11111101011 (base 2) in base 11?
1583
What is -13553 (base 9) in base 16?
-23f1
-2457 (base 12) to base 15
-1334
Convert 7972 (base 10) to base 8.
17444
22101122 (base 3) to base 15
1c2e
-101102122 (base 3) to base 15
-23be
What is -4783 (base 11) in base 3?
-22120221
-42123 (base 7) to base 13
-4938
-1507 (base 10) to base 16
-5e3
What is -785 (base 14) in base 9?
-2034
Convert -165 (base 12) to base 15.
-eb
-49 (base 16) to base 9
-81
What is 11110010 (base 2) in base 15?
112
130310 (base 4) to base 9
2468
What is 32521 (base 6) in base 3?
20012011
Convert 2030032 (base 4) to base 9.
13271
-1033220 (base 5) to base 3
-220121021
What is 7663 (base 10) in base 2?
1110111101111
354430 (base 6) to base 7
155616
Convert 432 (base 5) to base 7.
225
10202110 (base 4) to base 2
100100010010100
36d8 (base 14) to base 16
257e
Convert 614 (base 8) to base 16.
18c
What is 28728 (base 9) in base 14?
71a3
What is 376 (base 9) in base 5?
2222
What is 100100001101001 (base 2) in base 16?
4869
110420 (base 7) to base 15
5b48
What is -5b (base 16) in base 11?
-83
-45b4 (base 13) to base 12
-57b0
What is 2076 (base 8) in base 15?
4c6
Convert 142 (base 13) to base 5.
1343
Convert 21010111 (base 3) to base 16.
144d
Convert -4050 (base 6) to base 13.
-53a
Convert -52cc (base 14) to base 4.
-3133110
What is 1001310 (base 4) in base 13?
1bc0
Convert -16142 (base 7) to base 5.
-121123
What is -37b (base 15) in base 12?
-55b
Convert 23031 (base 7) to base 4.
1123131
What is -125317 (base 9) in base 13?
-2881c
83c (base 13) to base 6
10255
What is 100030 (base 4) in base 5?
13121
Convert -1218a (base 11) to base 9.
-26028
What is -4bb (base 14) in base 8?
-1665
What is 40040 (base 7) in base 8?
22640
Convert 1242130 (base 5) to base 8.
60131
Convert 111110110 (base 2) to base 6.
2154
Convert -10220011 (base 3) to base 14.
-106b
Convert 152113 (base 6) to base 13.
6924
Convert 54 (base 15) to base 8.
117
What is 82dd (base 14) in base 9?
33823
What is 690 (base 12) in base 15?
44c
Convert -4856 (base 10) to base 16.
-12f8
dc8 (base 16) to base 10
3528
What is 141 (base 10) in base 11?
119
Convert -221 (base 8) to base 5.
-1040
Convert 10a (base 12) to base 8.
232
Convert 9a58 (base 14) to base 3.
1100200011
Convert -550 (base 7) to base 2.
-100011000
Convert 37 (base 14) to base 9.
54
-2d (base 16) to base 6
-113
Convert -1001100110 (base 2) to base 6.
-2502
-167 (base 9) to base 7
-262
402 (base 6) to base 14
a6
Convert 111001 (base 4) to base 7.
3631
What is -45 (base 10) in base 15?
-30
-34535 (base 11) to base 15
-ebb0
350 (base 14) to base 10
658
What is -2dcd (base 15) in base 11?
-7461
Convert -111155 (base 6) to base 7.
-36200
What is 20203 (base 4) in base 9?
667
What is 5415 (base 7) in base 16?
783
-682 (base 10) to base 6
-3054
-3298 (base 16) to base 10
-12952
-e46 (base 16) to base 8
-7106
What is -7146 (base 8) in base 9?
-5045
Convert 11212103 (base 4) to base 9.
34408
52304 (base 8) to base 11
15338
-11120 (base 4) to base 14
-1a8
2043 (base 8) to base 12
743
16461 (base 7) to base 15
15d3
What is 1011001010001101 (base 2) in base 12?
22551
-312 (base 8) to base 3
-21111
Convert -24066 (base 9) to base 13.
-7434
What is -48932 (base 11) in base 7?
-412030
Convert 25021 (base 9) to base 8.
40622
What is -3402 (base 7) in base 12?
-863
11212 (base 3) to base 4
2003
What is -2206 (base 7) in base 4?
-30112
What is 26b7 (base 15) in base 10?
8272
-23334 (base 5) to base 7
-5004
Convert 12233211 (base 4) to base 3.
1101220000
319 (base 12) to base 9
553
What is 105011 (base 6) in base 3?
110011021
11112 (base 3) to base 2
1111010
Convert 77 (base 16) to base 15.
7e
-3e3 (base 15) to base 13
-534
Convert 2434 (base 7) to base 12.
637
What is -100100011010111 (base 2) in base 3?
-221120122
What is 32b5 (base 14) in base 6?
104355
-ab4 (base 15) to base 12
-1497
What is -6c22 (base 13) in base 2?
-11101110000110
-1010011001000110 (base 2) to base 15
-c92b
Convert 1110100010101100 (base 2) to base 16.
e8ac
-1584 (base 10) to base 9
-2150
-21424 (base 6) to base 2
-101110011000
What is -1221201 (base 4) in base 7?
-25455
What is 1241 (base 5) in base 16?
c4
What is -385 (base 9) in base 6?
-1252
What is -1b2 (base 13) in base 7?
-626
What is 2f6d (base 16) in base 9?
17580
Convert -24306 (base 7) to base 6.
-45143
What is -33101 (base 5) in base 13?
-1061
What is -67a (base 12) in base 2?
-1110111110
Convert -f7 (base 16) to base 7.
-502
Convert -154534 (base 6) to base 14.
-5826
121011 (base 3) to base 5
3221
-10117 (base 8) to base 2
-1000001001111
-3a7f (base 16) to base 13
-6a7c
32b (base 12) to base 9
568
What is c2b2 (base 15) in base 6?
514205
Convert -82 (base 16) to base 2.
-10000010
-20021121 (base 3) to base 2
-1000111100011
10380 (base 10) to base 15
3120
Convert -730 (base 13) to base 4.
-103012
21012 (base 4) to base 14
2d8
-1824 (base 14) to base 2
-1000011111000
Convert -2b71 (base 16) to base 13.
-50a6
-101110010111 (base 2) to base 11
-2258
What is -33615 (base 12) in base 7?
-403022
Convert 44503 (base 6) to base 3.
22112210
Convert 8758 (base 15) to base 16.
6ff2
What is 3332003 (base 4) in base 2?
11111110000011
Convert -1a60a (base 13) to base 10.
-51555
What is 5743 (base 9) in base 11?
3215
-4270 (base 16) to base 12
-9a14
Convert 1131 (base 10) to base 11.
939
6530 (base 8) to base 16
d58
74de (base 16) to base 8
72336
Convert 1309 (base 13) to base 5.
41323
-8b3 (base 16) to base 2
-100010110011
What is 108a (base 13) in base 6?
14411
Convert 2458 (base 9) to base 7.
5231
What is 360 (base 11) in base 9?
526
-100222201 (base 3) to base 15
-2257
Convert -550 (base 8) to base 7.
-1023
Convert -197 (base 13) to base 14.
-16d
Convert -c0b (base 16) to base 10.
-3083
Convert 1632 (base 9) to base 15.
57e
What is -219 (base 12) in base 5?
-2214
-98d (base 14) to base 2
-11101100001
What is 3397 (base 14) in base 13?
40c9
-4c2a (base 13) to base 11
-8176
Convert 8024 (base 10) to base 9.
12005
-1099 (base 13) to base 16
-913
What is 12888 (base 9) in base 15?
28d2
-13628 (base 9) to base 11
-6a59
-47b (base 15) to base 8
-1770
-6512 (base 7) to base 10
-2312
What is -292c (base 16) in base 12?
-6124
398 (base 12) to base 2
1000100100
Convert 707 (base 9) to base 2.
1000111110
What is -8b8 (base 15) in base 6?
-13045
Convert -54313 (base 6) to base 15.
-2326
-4142431 (base 5) to base 16
-10b8b
-47a8 (base 11) to base 5
-200124
What is 2353 (base 7) in base 13?
520
What is 2202202121 (base 3) in base 12?
2765a
Convert -400012 (base 5) to base 10.
-12507
What is -19 (base 12) in base 6?
-33
-edb (base 16) to base 15
-11d8
Convert 21032 (base 4) to base 16.
24e
Convert -72a2 (base 14) to base 15.
-5cb2
What is 10232110 (base 4) in base 13?
8a64
What is 11000 (base 4) in base 7?
635
Convert -3232 (base 4) to base 7.
-460
Convert c2 (base 14) to base 12.
122
11000111 (base 2) to base 14
103
1270 (base 13) to base 3
10121021
Convert 42c2 (base 13) to base 12.
5458
-1342240 (base 5) to base 4
-12302230
9dd (base 15) to base 12
1361
Convert -3057 (base 10) to base 3.
-11012020
-12101 (base 4) to base 15
-1bb
What is 18f (base 16) in base 9?
483
47c (base 13) to base 2
1100001011
-201523 (base 7) to base 4
-20112223
-232 (base 15) to base 13
-2c3
What is 372 (base 13) in base 5?
4400
What is -5006 (base 7) in base 4?
-122321
What is -489 (base 12) in base 11?
-56a
1350a (base 12) to base 6
323214
Convert -2841 (base 9) to base 4.
-201133
-24234 (base 6) to base 7
-13231
What is -10011101101 (base 2) in base 4?
-103231
-7843 (base 10) to base 11
-5990
Convert -6a32 (base 11) to base 7.
-35625
Convert 5a53 (base 12) to base 16.
279f
21003013 (base 4) to base 14
d715
1223120 (base 5) to base 6
300543
What is 2ad (base 14) in base 7?
1406
62a7 (base 11) to base 6
102345
Convert 3a04 (base 12) to base 3.
100002111
21201 (base 4) to base 15
2a9
Convert 1066 (base 12) to base 3.
2110220
What is 31c (base 